{"id":167,"date":"2021-07-19T19:13:58","date_gmt":"2021-07-19T17:13:58","guid":{"rendered":"https:\/\/yhisabi.ee\/?page_id=167"},"modified":"2023-05-05T13:34:08","modified_gmt":"2023-05-05T11:34:08","slug":"aita-kaasa","status":"publish","type":"page","link":"https:\/\/yhisabi.ee\/?page_id=167","title":{"rendered":"Aita kaasa!"},"content":{"rendered":"\n<p>Kaasa aitamiseks on mitmeid mooduseid. Ootame oma sekka vabatahtlikke, kes sooviksid abiks olla toidu sorteerimisel, jagamisel ja ruumide koristamisel. <\/p>\n\n\n\n<p>Kui tunned, et sooviksid abiks tulla, v\u00f5ta meiega \u00fchendust aadressil info@yhisabi.ee.<\/p>\n\n\n\n<p>Kui soovid meie t\u00f6\u00f6d finantsiliselt toetada, on seda v\u00f5imalik teha l\u00e4bi <strong>rahalise annetuse<\/strong><\/p>\n\n\n\n<p>Makse saaja: MT\u00dc \u00dchisabi <\/p>\n\n\n\n<p>Kontonumber: EE847700771005062246<\/p>\n\n\n\n<p>AS LHV Pank<br>Tartu mnt 2, 10145 Tallinn<br>BIC\/SWIFT: LHVBEE22<\/p>\n\n\n\n<p><\/p>\n\n\n\n<p>Oleme registreeritud Maksu- ja Tolliametis tulumaksusoodustusega \u00fchingute nimekirjas<\/p>\n\n\n\n<ul class=\"wp-block-list\">\n<li>Nimekirjas olevatele \u00fchingutele saavad juriidilised isikud teha annetusi teatud piires maksuvabalt.<\/li>\n\n\n\n<li>F\u00fc\u00fcsilised isikud saavad nendele \u00fchingutele tehtud annetused maha arvata oma maksustatavast tulust.<\/li>\n<\/ul>\n\n\n\n<p>Rohkem infot&nbsp;<a href=\"https:\/\/www.emta.ee\/ariklient\/maksud-ja-tasumine\/tulumaks-ja-sotsiaalmaks\/kingitused-annetused-ja-vastuvotukulud\">annetuste maksustamise kohta<\/a>.<\/p>\n\n\n\n<p>Oleme t\u00e4nulikud igak\u00fclgse abi eest!<\/p>\n","protected":false},"excerpt":{"rendered":"<p>Kaasa aitamiseks on mitmeid mooduseid. Ootame oma sekka vabatahtlikke, kes sooviksid abiks olla toidu sorteerimisel, jagamisel ja ruumide koristamisel. Kui tunned, et sooviksid abiks tulla, v\u00f5ta meiega \u00fchendust aadressil info@yhisabi.ee. Kui soovid meie t\u00f6\u00f6d finantsiliselt toetada, on seda v\u00f5imalik teha l\u00e4bi rahalise annetuse Makse saaja: MT\u00dc \u00dchisabi Kontonumber: EE847700771005062246 AS LHV PankTartu mnt 2, 10145 TallinnBIC\/SWIFT: LHVBEE22 Oleme registreeritud Maksu- [&hellip;]<\/p>\n","protected":false},"author":1,"featured_media":0,"parent":0,"menu_order":0,"comment_status":"closed","ping_status":"closed","template":"elementor_theme","meta":{"footnotes":""},"class_list":["post-167","page","type-page","status-publish","hentry"],"_links":{"self":[{"href":"https:\/\/yhisabi.ee\/index.php?rest_route=\/wp\/v2\/pages\/167","targetHints":{"allow":["GET"]}}],"collection":[{"href":"https:\/\/yhisabi.ee\/index.php?rest_route=\/wp\/v2\/pages"}],"about":[{"href":"https:\/\/yhisabi.ee\/index.php?rest_route=\/wp\/v2\/types\/page"}],"author":[{"embeddable":true,"href":"https:\/\/yhisabi.ee\/index.php?rest_route=\/wp\/v2\/users\/1"}],"replies":[{"embeddable":true,"href":"https:\/\/yhisabi.ee\/index.php?rest_route=%2Fwp%2Fv2%2Fcomments&post=167"}],"version-history":[{"count":9,"href":"https:\/\/yhisabi.ee\/index.php?rest_route=\/wp\/v2\/pages\/167\/revisions"}],"predecessor-version":[{"id":415,"href":"https:\/\/yhisabi.ee\/index.php?rest_route=\/wp\/v2\/pages\/167\/revisions\/415"}],"wp:attachment":[{"href":"https:\/\/yhisabi.ee\/index.php?rest_route=%2Fwp%2Fv2%2Fmedia&parent=167"}],"curies":[{"name":"wp","href":"https:\/\/api.w.org\/{rel}","templated":true}]}}