{"id":13,"date":"2020-09-20T14:57:09","date_gmt":"2020-09-20T12:57:09","guid":{"rendered":"https:\/\/xn--hisabi-2ya.ee\/?page_id=13"},"modified":"2024-11-30T11:23:48","modified_gmt":"2024-11-30T09:23:48","slug":"the-new-umoma-opens-its-doors-2","status":"publish","type":"page","link":"https:\/\/yhisabi.ee\/","title":{"rendered":"Tere tulemast!"},"content":{"rendered":"Tere tulemast sotsiaalse ettev\u00f5tmise \u00dchisabi kodulehele!\n\n<!-- \/wp:post-content --><!-- wp:paragraph -->\n\n\u00dchisabi MT\u00dc loodi 2020. aasta kevadel sooviga ja vajadusega olla toeks perekondadele ning \u00fcksikisikutele, kes vajavad toiduabi. \u00dchisabi MT\u00dc tegutseb Tallinnas.\n\n<!-- \/wp:paragraph --><!-- wp:paragraph -->\n\nMeie t\u00f6\u00f6 on saanud v\u00f5imalikuks t\u00e4nu <a href=\"https:\/\/www.toidupank.ee\/\">Toidupanga<\/a> toele, \u00fctleme neile siinkohal suur t\u00e4nu!\n\n<!-- \/wp:paragraph --><!-- wp:paragraph -->\n\nSamuti kergitame kaabut ja kummardame s\u00fcgavalt ettev\u00f5tte <a href=\"https:\/\/eservice.ee\/\">E-Service<\/a> ees, kes toetab meid transpordialaselt.\n\n<!-- \/wp:paragraph --><!-- wp:paragraph -->\n\n<!-- \/wp:paragraph -->\n\n<img loading=\"lazy\" decoding=\"async\" class=\"aligncenter\" src=\"https:\/\/yhisabi.ee\/wp-content\/uploads\/2021\/11\/12145474_175480586131614_119509442_a-150x150.jpg\" sizes=\"auto, (max-width: 150px) 100vw, 150px\" srcset=\"https:\/\/yhisabi.ee\/wp-content\/uploads\/2021\/11\/12145474_175480586131614_119509442_a-150x150.jpg 150w, https:\/\/yhisabi.ee\/wp-content\/uploads\/2021\/11\/12145474_175480586131614_119509442_a-300x300.jpg 300w, https:\/\/yhisabi.ee\/wp-content\/uploads\/2021\/11\/12145474_175480586131614_119509442_a.jpg 320w\" alt=\"\" width=\"150\" height=\"150\" \/>\n<img loading=\"lazy\" decoding=\"async\" class=\"aligncenter\" src=\"https:\/\/yhisabi.ee\/wp-content\/uploads\/2021\/11\/E-Service-AS-2015_10_08-07_31_57-UTC-e1610957976603-300x98.png\" sizes=\"auto, (max-width: 300px) 100vw, 300px\" srcset=\"https:\/\/yhisabi.ee\/wp-content\/uploads\/2021\/11\/E-Service-AS-2015_10_08-07_31_57-UTC-e1610957976603-300x98.png 300w, https:\/\/yhisabi.ee\/wp-content\/uploads\/2021\/11\/E-Service-AS-2015_10_08-07_31_57-UTC-e1610957976603.png 312w\" alt=\"\" width=\"300\" height=\"98\" \/>","protected":false},"excerpt":{"rendered":"<p>Tere tulemast sotsiaalse ettev\u00f5tmise \u00dchisabi kodulehele! \u00dchisabi MT\u00dc loodi 2020. aasta kevadel sooviga ja vajadusega olla toeks perekondadele ning \u00fcksikisikutele, kes vajavad toiduabi. \u00dchisabi MT\u00dc tegutseb Tallinnas. Meie t\u00f6\u00f6 on saanud v\u00f5imalikuks t\u00e4nu Toidupanga toele, \u00fctleme neile siinkohal suur t\u00e4nu! Samuti kergitame kaabut ja kummardame s\u00fcgavalt ettev\u00f5tte E-Service ees, kes toetab meid transpordialaselt.<\/p>\n","protected":false},"author":1,"featured_media":0,"parent":0,"menu_order":0,"comment_status":"closed","ping_status":"closed","template":"","meta":{"footnotes":""},"class_list":["post-13","page","type-page","status-publish","hentry"],"_links":{"self":[{"href":"https:\/\/yhisabi.ee\/index.php?rest_route=\/wp\/v2\/pages\/13","targetHints":{"allow":["GET"]}}],"collection":[{"href":"https:\/\/yhisabi.ee\/index.php?rest_route=\/wp\/v2\/pages"}],"about":[{"href":"https:\/\/yhisabi.ee\/index.php?rest_route=\/wp\/v2\/types\/page"}],"author":[{"embeddable":true,"href":"https:\/\/yhisabi.ee\/index.php?rest_route=\/wp\/v2\/users\/1"}],"replies":[{"embeddable":true,"href":"https:\/\/yhisabi.ee\/index.php?rest_route=%2Fwp%2Fv2%2Fcomments&post=13"}],"version-history":[{"count":71,"href":"https:\/\/yhisabi.ee\/index.php?rest_route=\/wp\/v2\/pages\/13\/revisions"}],"predecessor-version":[{"id":477,"href":"https:\/\/yhisabi.ee\/index.php?rest_route=\/wp\/v2\/pages\/13\/revisions\/477"}],"wp:attachment":[{"href":"https:\/\/yhisabi.ee\/index.php?rest_route=%2Fwp%2Fv2%2Fmedia&parent=13"}],"curies":[{"name":"wp","href":"https:\/\/api.w.org\/{rel}","templated":true}]}}